Last updated on 2024-04-18 08:54:54 CEST.
Flavor | Version | Tinstall | Tcheck | Ttotal | Status | Flags |
---|---|---|---|---|---|---|
r-devel-linux-x86_64-debian-clang | 0.1 | 2.01 | 25.06 | 27.07 | OK | |
r-devel-linux-x86_64-debian-gcc | 0.1 | 1.85 | 19.62 | 21.47 | OK | |
r-devel-linux-x86_64-fedora-clang | 0.1 | 35.13 | NOTE | |||
r-devel-linux-x86_64-fedora-gcc | 0.1 | 32.78 | NOTE | |||
r-prerel-macos-arm64 | 0.1 | 18.00 | OK | |||
r-prerel-windows-x86_64 | 0.1 | 4.00 | 41.00 | 45.00 | OK | |
r-patched-linux-x86_64 | 0.1 | 2.04 | 24.38 | 26.42 | OK | |
r-release-linux-x86_64 | 0.1 | 1.88 | 25.04 | 26.92 | OK | |
r-release-macos-arm64 | 0.1 | 18.00 | OK | |||
r-release-macos-x86_64 | 0.1 | 21.00 | OK | |||
r-release-windows-x86_64 | 0.1 | 5.00 | 43.00 | 48.00 | OK | |
r-oldrel-macos-arm64 | 0.1 | 15.00 | NOTE | |||
r-oldrel-windows-x86_64 | 0.1 | 5.00 | 48.00 | 53.00 | OK |
Version: 0.1
Check: data for non-ASCII characters
Result: NOTE
Note: found 4102 marked UTF-8 strings
Flavors: r-devel-linux-x86_64-fedora-clang, r-devel-linux-x86_64-fedora-gcc, r-oldrel-macos-arm64