Last updated on 2024-04-19 01:05:01 CEST.
Flavor | Version | Tinstall | Tcheck | Ttotal | Status | Flags |
---|---|---|---|---|---|---|
r-devel-linux-x86_64-debian-clang | 1.1.1 | 14.94 | 405.69 | 420.63 | OK | |
r-devel-linux-x86_64-debian-gcc | 1.1.1 | 14.11 | 298.72 | 312.83 | OK | |
r-devel-linux-x86_64-fedora-clang | 1.1.1 | 508.14 | NOTE | |||
r-devel-linux-x86_64-fedora-gcc | 1.1.1 | 505.87 | OK | |||
r-prerel-macos-arm64 | 1.1.1 | 148.00 | OK | |||
r-prerel-windows-x86_64 | 1.1.1 | 14.00 | 293.00 | 307.00 | OK | |
r-patched-linux-x86_64 | 1.1.1 | 10.86 | 388.16 | 399.02 | OK | |
r-release-linux-x86_64 | 1.1.1 | 11.04 | 388.15 | 399.19 | OK | |
r-release-macos-arm64 | 1.1.1 | 226.00 | OK | |||
r-release-macos-x86_64 | 1.1.1 | 348.00 | OK | |||
r-release-windows-x86_64 | 1.1.1 | 19.00 | 384.00 | 403.00 | OK | |
r-oldrel-macos-arm64 | 1.1.1 | 151.00 | OK | |||
r-oldrel-windows-x86_64 | 1.1.1 | 19.00 | 375.00 | 394.00 | OK |
Version: 1.1.1
Check: package dependencies
Result: NOTE
Imports includes 22 non-default packages.
Importing from so many packages makes the package vulnerable to any of
them becoming unavailable. Move as many as possible to Suggests and
use conditionally.
Flavor: r-devel-linux-x86_64-fedora-clang