CRAN Package Check Results for Package wiad

Last updated on 2023-05-28 23:14:14 CEST.

Flavor Version Tinstall Tcheck Ttotal Status Flags
r-devel-linux-x86_64-debian-clang 0.0.1.0 6.70 55.03 61.73 NOTE
r-devel-linux-x86_64-debian-gcc 0.0.1.0 5.04 42.06 47.10 NOTE
r-devel-linux-x86_64-fedora-clang 0.0.1.0 77.71 NOTE
r-devel-linux-x86_64-fedora-gcc 0.0.1.0 73.41 NOTE
r-devel-windows-x86_64 0.0.1.0 8.00 62.00 70.00 NOTE
r-patched-linux-x86_64 0.0.1.0 4.24 51.60 55.84 NOTE
r-release-linux-x86_64 0.0.1.0 4.11 51.68 55.79 NOTE
r-release-macos-arm64 0.0.1.0 30.00 NOTE
r-release-macos-x86_64 0.0.1.0 38.00 NOTE
r-release-windows-x86_64 0.0.1.0 10.00 69.00 79.00 NOTE
r-oldrel-macos-arm64 0.0.1.0 24.00 NOTE
r-oldrel-macos-x86_64 0.0.1.0 52.00 NOTE
r-oldrel-windows-x86_64 0.0.1.0 9.00 71.00 80.00 NOTE

Check Details

Version: 0.0.1.0
Check: LazyData
Result: NOTE
     'LazyData' is specified without a 'data' directory
Flavors: r-devel-linux-x86_64-debian-clang, r-devel-linux-x86_64-debian-gcc, r-devel-linux-x86_64-fedora-clang, r-devel-linux-x86_64-fedora-gcc, r-devel-windows-x86_64, r-patched-linux-x86_64, r-release-linux-x86_64, r-release-macos-arm64, r-release-macos-x86_64, r-release-windows-x86_64, r-oldrel-macos-arm64, r-oldrel-macos-x86_64, r-oldrel-windows-x86_64