Last updated on 2024-04-20 08:51:18 CEST.
Flavor | Version | Tinstall | Tcheck | Ttotal | Status | Flags |
---|---|---|---|---|---|---|
r-devel-linux-x86_64-debian-clang | 0.3.1 | 3.49 | 37.10 | 40.59 | NOTE | |
r-devel-linux-x86_64-debian-gcc | 0.3.1 | 2.57 | 28.39 | 30.96 | NOTE | |
r-devel-linux-x86_64-fedora-clang | 0.3.1 | 52.42 | NOTE | |||
r-devel-linux-x86_64-fedora-gcc | 0.3.1 | 61.65 | NOTE | |||
r-prerel-macos-arm64 | 0.3.1 | 26.00 | NOTE | |||
r-prerel-windows-x86_64 | 0.3.1 | 4.00 | 51.00 | 55.00 | NOTE | |
r-patched-linux-x86_64 | 0.3.1 | 2.69 | 36.09 | 38.78 | NOTE | |
r-release-linux-x86_64 | 0.3.1 | 3.30 | 33.56 | 36.86 | NOTE | |
r-release-macos-arm64 | 0.3.1 | 28.00 | NOTE | |||
r-release-macos-x86_64 | 0.3.1 | 38.00 | NOTE | |||
r-release-windows-x86_64 | 0.3.1 | 5.00 | 49.00 | 54.00 | NOTE | |
r-oldrel-macos-arm64 | 0.3.1 | 19.00 | NOTE | |||
r-oldrel-windows-x86_64 | 0.3.1 | 5.00 | 55.00 | 60.00 | NOTE |
Version: 0.3.1
Check: LazyData
Result: NOTE
'LazyData' is specified without a 'data' directory
Flavors: r-devel-linux-x86_64-debian-clang, r-devel-linux-x86_64-debian-gcc, r-devel-linux-x86_64-fedora-clang, r-devel-linux-x86_64-fedora-gcc, r-prerel-macos-arm64, r-prerel-windows-x86_64, r-patched-linux-x86_64, r-release-linux-x86_64, r-release-macos-arm64, r-release-macos-x86_64, r-release-windows-x86_64, r-oldrel-macos-arm64, r-oldrel-windows-x86_64