CRAN Package Check Results for Package wikilake

Last updated on 2024-02-29 00:55:58 CET.

Flavor Version Tinstall Tcheck Ttotal Status Flags
r-devel-linux-x86_64-debian-clang 0.7.0 7.16 74.87 82.03 NOTE
r-devel-linux-x86_64-debian-gcc 0.7.0 5.99 56.51 62.50 NOTE
r-devel-linux-x86_64-fedora-clang 0.7.0 100.73 NOTE
r-devel-linux-x86_64-fedora-gcc 0.7.0 109.27 NOTE
r-devel-windows-x86_64 0.7.0 8.00 76.00 84.00 OK
r-patched-linux-x86_64 0.7.0 8.34 70.48 78.82 OK
r-release-linux-x86_64 0.7.0 5.04 71.30 76.34 OK
r-release-macos-arm64 0.7.0 51.00 OK
r-release-macos-x86_64 0.7.0 62.00 OK
r-release-windows-x86_64 0.7.0 11.00 84.00 95.00 OK
r-oldrel-macos-arm64 0.7.0 38.00 OK
r-oldrel-windows-x86_64 0.7.0 10.00 90.00 100.00 OK

Check Details

Version: 0.7.0
Check: Rd files
Result: NOTE checkRd: (-1) milakes.Rd:10: Lost braces in \itemize; meant \describe ? checkRd: (-1) milakes.Rd:11: Lost braces in \itemize; meant \describe ? checkRd: (-1) milakes.Rd:12: Lost braces in \itemize; meant \describe ? checkRd: (-1) milakes.Rd:13: Lost braces in \itemize; meant \describe ? checkRd: (-1) milakes.Rd:14: Lost braces in \itemize; meant \describe ? checkRd: (-1) milakes.Rd:15: Lost braces in \itemize; meant \describe ? checkRd: (-1) milakes.Rd:16: Lost braces in \itemize; meant \describe ? checkRd: (-1) milakes.Rd:17: Lost braces in \itemize; meant \describe ? checkRd: (-1) milakes.Rd:18: Lost braces in \itemize; meant \describe ? checkRd: (-1) milakes.Rd:19: Lost braces in \itemize; meant \describe ? checkRd: (-1) milakes.Rd:20: Lost braces in \itemize; meant \describe ? checkRd: (-1) milakes.Rd:21: Lost braces in \itemize; meant \describe ? checkRd: (-1) milakes.Rd:22: Lost braces in \itemize; meant \describe ? Flavors: r-devel-linux-x86_64-debian-clang, r-devel-linux-x86_64-debian-gcc, r-devel-linux-x86_64-fedora-clang, r-devel-linux-x86_64-fedora-gcc