CRAN Package Check Results for Package wkutils

Last updated on 2021-10-24 16:54:22 CEST.

Flavor Version Tinstall Tcheck Ttotal Status Flags
r-devel-linux-x86_64-debian-clang 0.1.1 80.35 34.19 114.54 NOTE
r-devel-linux-x86_64-debian-gcc 0.1.1 69.02 26.90 95.92 NOTE
r-devel-linux-x86_64-fedora-clang 0.1.1 196.48 NOTE
r-devel-linux-x86_64-fedora-gcc 0.1.1 175.26 NOTE
r-devel-windows-x86_64 0.1.1 118.00 52.00 170.00 NOTE
r-devel-windows-x86_64-gcc10-UCRT 0.1.1 NOTE
r-patched-linux-x86_64 0.1.1 89.26 33.12 122.38 NOTE
r-patched-solaris-x86 0.1.1 165.50 NOTE
r-release-linux-x86_64 0.1.1 85.14 33.08 118.22 NOTE
r-release-macos-arm64 0.1.1 NOTE
r-release-macos-x86_64 0.1.1 NOTE
r-release-windows-ix86+x86_64 0.1.1 172.00 88.00 260.00 NOTE
r-oldrel-macos-x86_64 0.1.1 OK
r-oldrel-windows-ix86+x86_64 0.1.1 222.00 86.00 308.00 OK

Check Details

Version: 0.1.1
Check: LazyData
Result: NOTE
     'LazyData' is specified without a 'data' directory
Flavors: r-devel-linux-x86_64-debian-clang, r-devel-linux-x86_64-debian-gcc, r-devel-linux-x86_64-fedora-clang, r-devel-linux-x86_64-fedora-gcc, r-devel-windows-x86_64, r-devel-windows-x86_64-gcc10-UCRT, r-patched-linux-x86_64, r-patched-solaris-x86, r-release-linux-x86_64, r-release-macos-arm64, r-release-macos-x86_64, r-release-windows-ix86+x86_64

Version: 0.1.1
Check: installed package size
Result: NOTE
     installed size is 5.2Mb
     sub-directories of 1Mb or more:
     libs 4.7Mb
Flavor: r-devel-linux-x86_64-fedora-clang