Last updated on 2024-04-18 08:54:54 CEST.
Flavor | Version | Tinstall | Tcheck | Ttotal | Status | Flags |
---|---|---|---|---|---|---|
r-devel-linux-x86_64-debian-clang | 0.1-16 | 3.86 | 47.19 | 51.05 | OK | |
r-devel-linux-x86_64-debian-gcc | 0.1-16 | 3.20 | 36.24 | 39.44 | OK | |
r-devel-linux-x86_64-fedora-clang | 0.1-16 | 67.13 | OK | |||
r-devel-linux-x86_64-fedora-gcc | 0.1-16 | 77.73 | OK | |||
r-prerel-macos-arm64 | 0.1-16 | 30.00 | NOTE | |||
r-prerel-windows-x86_64 | 0.1-16 | 4.00 | 65.00 | 69.00 | NOTE | |
r-patched-linux-x86_64 | 0.1-16 | 4.62 | 46.10 | 50.72 | OK | |
r-release-linux-x86_64 | 0.1-16 | 4.56 | 44.78 | 49.34 | OK | |
r-release-macos-arm64 | 0.1-16 | 32.00 | NOTE | |||
r-release-macos-x86_64 | 0.1-16 | 47.00 | NOTE | |||
r-release-windows-x86_64 | 0.1-16 | 4.00 | 67.00 | 71.00 | NOTE | |
r-oldrel-macos-arm64 | 0.1-16 | 26.00 | NOTE | |||
r-oldrel-windows-x86_64 | 0.1-16 | 6.00 | 70.00 | 76.00 | NOTE |
Version: 0.1-16
Check: whether the namespace can be loaded with stated dependencies
Result: NOTE
Warning in initDict() :
cannot find WordNet 'dict' directory: please set the environment variable WNHOME to its parent
A namespace must be able to be loaded with just the base namespace
loaded: otherwise if the namespace gets loaded by a saved object, the
session will be unable to start.
Probably some imports need to be declared in the NAMESPACE file.
Flavors: r-prerel-macos-arm64, r-prerel-windows-x86_64, r-release-macos-arm64, r-release-macos-x86_64, r-release-windows-x86_64, r-oldrel-macos-arm64, r-oldrel-windows-x86_64