CRAN Package Check Results for Package wordpiece

Last updated on 2021-10-24 00:51:16 CEST.

Flavor Version Tinstall Tcheck Ttotal Status Flags
r-devel-linux-x86_64-debian-clang 2.0.1 2.16 26.38 28.54 OK
r-devel-linux-x86_64-debian-gcc 2.0.1 1.54 21.21 22.75 OK
r-devel-linux-x86_64-fedora-clang 2.0.1 48.22 OK
r-devel-linux-x86_64-fedora-gcc 2.0.1 38.03 OK
r-devel-windows-x86_64 2.0.1 3.00 48.00 51.00 OK
r-devel-windows-x86_64-gcc10-UCRT 2.0.1 OK
r-patched-linux-x86_64 2.0.1 2.24 25.97 28.21 OK
r-patched-solaris-x86 2.0.1 54.40 OK
r-release-linux-x86_64 2.0.1 2.12 25.80 27.92 OK
r-release-macos-arm64 1.0.2 NOTE
r-release-macos-x86_64 2.0.1 OK
r-release-windows-ix86+x86_64 1.0.2 5.00 43.00 48.00 NOTE
r-oldrel-macos-x86_64 2.0.1 OK
r-oldrel-windows-ix86+x86_64 2.0.1 5.00 31.00 36.00 OK

Check Details

Version: 1.0.2
Check: LazyData
Result: NOTE
     'LazyData' is specified without a 'data' directory
Flavors: r-release-macos-arm64, r-release-windows-ix86+x86_64