CRAN Package Check Results for Package worms

Last updated on 2021-12-02 00:49:29 CET.

Flavor Version Tinstall Tcheck Ttotal Status Flags
r-devel-linux-x86_64-debian-clang 0.2.2 3.09 28.75 31.84 NOTE
r-devel-linux-x86_64-debian-gcc 0.2.2 2.32 23.09 25.41 NOTE
r-devel-linux-x86_64-fedora-clang 0.2.2 51.64 NOTE
r-devel-linux-x86_64-fedora-gcc 0.2.2 38.50 NOTE
r-devel-windows-x86_64-new-UL 0.2.2 8.00 63.00 71.00 OK
r-devel-windows-x86_64-new-TK 0.2.2 OK
r-devel-windows-x86_64-old 0.2.2 5.00 38.00 43.00 OK
r-patched-linux-x86_64 0.2.2 2.74 26.57 29.31 NOTE
r-patched-solaris-x86 0.2.2 59.90 NOTE
r-release-linux-x86_64 0.2.2 2.93 26.88 29.81 NOTE
r-release-macos-arm64 0.2.2 OK
r-release-macos-x86_64 0.2.2 OK
r-release-windows-ix86+x86_64 0.2.2 7.00 49.00 56.00 OK
r-oldrel-macos-x86_64 0.2.2 OK
r-oldrel-windows-ix86+x86_64 0.2.2 7.00 49.00 56.00 OK

Check Details

Version: 0.2.2
Check: for non-standard things in the check directory
Result: NOTE
    Found the following files/directories:
     'aphiainfo.csv' 'tax.csv'
Flavors: r-devel-linux-x86_64-debian-clang, r-devel-linux-x86_64-debian-gcc, r-devel-linux-x86_64-fedora-clang, r-devel-linux-x86_64-fedora-gcc, r-patched-linux-x86_64, r-patched-solaris-x86, r-release-linux-x86_64