CRAN Package Check Results for Package wosr

Last updated on 2021-10-23 05:02:54 CEST.

Flavor Version Tinstall Tcheck Ttotal Status Flags
r-devel-linux-x86_64-debian-clang 0.3.0 2.90 28.17 31.07 NOTE
r-devel-linux-x86_64-debian-gcc 0.3.0 1.92 21.94 23.86 NOTE
r-devel-linux-x86_64-fedora-clang 0.3.0 48.07 NOTE
r-devel-linux-x86_64-fedora-gcc 0.3.0 37.30 NOTE
r-devel-windows-x86_64 0.3.0 6.00 36.00 42.00 NOTE
r-devel-windows-x86_64-gcc10-UCRT 0.3.0 NOTE
r-patched-linux-x86_64 0.3.0 3.14 27.28 30.42 NOTE
r-patched-solaris-x86 0.3.0 60.00 NOTE
r-release-linux-x86_64 0.3.0 2.87 27.05 29.92 NOTE
r-release-macos-arm64 0.3.0 NOTE
r-release-macos-x86_64 0.3.0 NOTE
r-release-windows-ix86+x86_64 0.3.0 5.00 48.00 53.00 NOTE
r-oldrel-macos-x86_64 0.3.0 OK
r-oldrel-windows-ix86+x86_64 0.3.0 6.00 46.00 52.00 OK

Check Details

Version: 0.3.0
Check: LazyData
Result: NOTE
     'LazyData' is specified without a 'data' directory
Flavors: r-devel-linux-x86_64-debian-clang, r-devel-linux-x86_64-debian-gcc, r-devel-linux-x86_64-fedora-clang, r-devel-linux-x86_64-fedora-gcc, r-devel-windows-x86_64, r-devel-windows-x86_64-gcc10-UCRT, r-patched-linux-x86_64, r-patched-solaris-x86, r-release-linux-x86_64, r-release-macos-arm64, r-release-macos-x86_64, r-release-windows-ix86+x86_64