CRAN Package Check Results for Package woylier

Last updated on 2023-12-10 16:51:40 CET.

Flavor Version Tinstall Tcheck Ttotal Status Flags
r-devel-linux-x86_64-debian-clang 0.0.5 1.87 40.36 42.23 NOTE
r-devel-linux-x86_64-debian-gcc 0.0.5 1.94 30.94 32.88 NOTE
r-devel-linux-x86_64-fedora-clang 0.0.5 54.00 NOTE
r-devel-linux-x86_64-fedora-gcc 0.0.5 60.86 NOTE
r-devel-windows-x86_64 0.0.5 4.00 59.00 63.00 NOTE
r-patched-linux-x86_64 0.0.5 7.93 39.11 47.04 OK
r-release-linux-x86_64 0.0.5 2.45 38.45 40.90 OK
r-release-macos-arm64 0.0.5 33.00 OK
r-release-macos-x86_64 0.0.5 60.00 OK
r-release-windows-x86_64 0.0.5 5.00 62.00 67.00 OK
r-oldrel-macos-arm64 0.0.5 28.00 OK
r-oldrel-macos-x86_64 0.0.5 31.00 OK
r-oldrel-windows-x86_64 0.0.5 5.00 59.00 64.00 OK

Check Details

Version: 0.0.5
Check: Rd \usage sections
Result: NOTE Documented arguments not in \usage in Rd file 'new_givens_path.Rd': ‘generate’ Functions with \usage entries need to have the appropriate \alias entries, and all their arguments documented. The \usage entries must correspond to syntactically valid R code. See chapter ‘Writing R documentation files’ in the ‘Writing R Extensions’ manual. Flavors: r-devel-linux-x86_64-debian-clang, r-devel-linux-x86_64-debian-gcc, r-devel-linux-x86_64-fedora-clang, r-devel-linux-x86_64-fedora-gcc, r-devel-windows-x86_64