Last updated on 2024-03-28 23:55:24 CET.
Flavor | Version | Tinstall | Tcheck | Ttotal | Status | Flags |
---|---|---|---|---|---|---|
r-devel-linux-x86_64-debian-clang | 1.9.0 | 27.01 | 422.60 | 449.61 | NOTE | |
r-devel-linux-x86_64-debian-gcc | 1.9.0 | 21.96 | 313.96 | 335.92 | NOTE | |
r-devel-linux-x86_64-fedora-clang | 1.9.0 | 550.24 | NOTE | |||
r-devel-linux-x86_64-fedora-gcc | 1.9.0 | 536.84 | NOTE | |||
r-devel-windows-x86_64 | 1.9.0 | 27.00 | 371.00 | 398.00 | NOTE | |
r-patched-linux-x86_64 | 1.9.0 | 29.19 | 424.35 | 453.54 | NOTE | |
r-release-linux-x86_64 | 1.9.0 | 18.89 | 411.89 | 430.78 | OK | |
r-release-macos-arm64 | 1.9.0 | 145.00 | OK | |||
r-release-macos-x86_64 | 1.9.0 | 322.00 | OK | |||
r-release-windows-x86_64 | 1.9.0 | 35.00 | 464.00 | 499.00 | OK | |
r-oldrel-macos-arm64 | 1.9.0 | 135.00 | OK | |||
r-oldrel-windows-x86_64 | 1.9.0 | 37.00 | 434.00 | 471.00 | OK |
Version: 1.9.0
Check: Rd files
Result: NOTE
checkRd: (-1) theme_wpa.Rd:16: Lost braces; missing escapes or markup?
16 | you can use this font, install and load {extrafont} prior to
| ^
Flavors: r-devel-linux-x86_64-debian-clang, r-devel-linux-x86_64-debian-gcc, r-devel-linux-x86_64-fedora-clang, r-devel-linux-x86_64-fedora-gcc, r-devel-windows-x86_64, r-patched-linux-x86_64