CRAN Package Check Results for Package wpp2015

Last updated on 2023-10-03 01:05:08 CEST.

Flavor Version Tinstall Tcheck Ttotal Status Flags
r-devel-linux-x86_64-debian-clang 1.1-2 3.48 45.08 48.56 OK
r-devel-linux-x86_64-debian-gcc 1.1-2 2.47 35.64 38.11 OK
r-devel-linux-x86_64-fedora-clang 1.1-2 58.12 NOTE
r-devel-linux-x86_64-fedora-gcc 1.1-2 59.88 OK
r-devel-windows-x86_64 1.1-2 6.00 69.00 75.00 NOTE
r-patched-linux-x86_64 1.1-2 4.24 44.22 48.46 OK
r-release-linux-x86_64 1.1-2 3.65 44.02 47.67 OK
r-release-macos-arm64 1.1-2 28.00 NOTE
r-release-macos-x86_64 1.1-2 37.00 NOTE
r-release-windows-x86_64 1.1-2 7.00 71.00 78.00 NOTE
r-oldrel-macos-arm64 1.1-2 25.00 NOTE
r-oldrel-macos-x86_64 1.1-2 36.00 NOTE
r-oldrel-windows-x86_64 1.1-2 7.00 74.00 81.00 NOTE

Check Details

Version: 1.1-2
Check: installed package size
Result: NOTE
     installed size is 11.4Mb
     sub-directories of 1Mb or more:
     data 11.2Mb
Flavors: r-devel-linux-x86_64-fedora-clang, r-devel-windows-x86_64, r-release-macos-arm64, r-release-macos-x86_64, r-release-windows-x86_64, r-oldrel-macos-arm64, r-oldrel-macos-x86_64, r-oldrel-windows-x86_64