Last updated on 2024-04-18 01:03:24 CEST.
Flavor | Version | Tinstall | Tcheck | Ttotal | Status | Flags |
---|---|---|---|---|---|---|
r-devel-linux-x86_64-debian-clang | 1.0.0 | 7.89 | 137.93 | 145.82 | NOTE | |
r-devel-linux-x86_64-debian-gcc | 1.0.0 | 6.03 | 103.50 | 109.53 | NOTE | |
r-devel-linux-x86_64-fedora-clang | 1.0.0 | 181.72 | NOTE | |||
r-devel-linux-x86_64-fedora-gcc | 1.0.0 | 190.37 | NOTE | |||
r-prerel-macos-arm64 | 1.0.0 | 50.00 | NOTE | |||
r-prerel-windows-x86_64 | 1.0.0 | 8.00 | 111.00 | 119.00 | NOTE | |
r-patched-linux-x86_64 | 1.0.0 | 8.79 | 132.15 | 140.94 | NOTE | |
r-release-linux-x86_64 | 1.0.0 | 9.13 | 126.13 | 135.26 | OK | |
r-release-macos-arm64 | 1.0.0 | 56.00 | OK | |||
r-release-macos-x86_64 | 1.0.0 | 89.00 | OK | |||
r-release-windows-x86_64 | 1.0.0 | 13.00 | 133.00 | 146.00 | OK | |
r-oldrel-macos-arm64 | 1.0.0 | 52.00 | OK | |||
r-oldrel-windows-x86_64 | 1.0.0 | 13.00 | 125.00 | 138.00 | OK |
Version: 1.0.0
Check: Rd files
Result: NOTE
checkRd: (-1) wql-package.Rd:7: Lost braces
7 | \title{c("\\Sexpr[results=rd,stage=build]{tools:::Rd_package_title(\"#1\")}",
| ^
checkRd: (-1) wql-package.Rd:10: Lost braces
10 | c("\\Sexpr[results=rd,stage=build]{tools:::Rd_package_description(\"#1\")}",
| ^
checkRd: (-1) wql-package.Rd:61: Lost braces
61 | c("\\Sexpr[results=rd,stage=build]{tools:::Rd_package_author(\"#1\")}",
| ^
checkRd: (-1) wql-package.Rd:65: Lost braces
65 | c("\\Sexpr[results=rd,stage=build]{tools:::Rd_package_maintainer(\"#1\")}",
| ^
Flavors: r-devel-linux-x86_64-debian-clang, r-devel-linux-x86_64-debian-gcc, r-devel-linux-x86_64-fedora-clang, r-devel-linux-x86_64-fedora-gcc, r-prerel-macos-arm64, r-prerel-windows-x86_64, r-patched-linux-x86_64