Last updated on 2023-06-05 16:55:11 CEST.
Flavor | Version | Tinstall | Tcheck | Ttotal | Status | Flags |
---|---|---|---|---|---|---|
r-devel-linux-x86_64-debian-clang | 1.9.0 | 16.61 | 212.29 | 228.90 | OK | |
r-devel-linux-x86_64-debian-gcc | 1.9.0 | 13.27 | 153.42 | 166.69 | OK | |
r-devel-linux-x86_64-fedora-clang | 1.9.0 | 279.62 | NOTE | |||
r-devel-linux-x86_64-fedora-gcc | 1.9.0 | 287.32 | OK | |||
r-devel-windows-x86_64 | 1.9.0 | 15.00 | 185.00 | 200.00 | NOTE | |
r-patched-linux-x86_64 | 1.9.0 | 23.72 | 203.55 | 227.27 | OK | |
r-release-linux-x86_64 | 1.9.0 | 15.29 | 205.59 | 220.88 | OK | |
r-release-macos-arm64 | 1.9.0 | 83.00 | NOTE | |||
r-release-macos-x86_64 | 1.9.0 | 167.00 | NOTE | |||
r-release-windows-x86_64 | 1.9.0 | 19.00 | 216.00 | 235.00 | NOTE | |
r-oldrel-macos-arm64 | 1.9.0 | 84.00 | NOTE | |||
r-oldrel-macos-x86_64 | 1.9.0 | 114.00 | NOTE | |||
r-oldrel-windows-x86_64 | 1.9.0 | 19.00 | 209.00 | 228.00 | NOTE |
Version: 1.9.0
Check: installed package size
Result: NOTE
installed size is 6.7Mb
sub-directories of 1Mb or more:
doc 3.4Mb
extdata 2.5Mb
Flavors: r-devel-linux-x86_64-fedora-clang, r-devel-windows-x86_64, r-release-macos-arm64, r-release-macos-x86_64, r-release-windows-x86_64, r-oldrel-macos-arm64, r-oldrel-macos-x86_64, r-oldrel-windows-x86_64
Version: 1.9.0
Check: package dependencies
Result: NOTE
Package suggested but not available for checking: ‘ROTS’
Flavors: r-release-macos-arm64, r-release-macos-x86_64, r-oldrel-macos-arm64, r-oldrel-macos-x86_64