Last updated on 2024-04-24 16:54:49 CEST.
Flavor | Version | Tinstall | Tcheck | Ttotal | Status | Flags |
---|---|---|---|---|---|---|
r-devel-linux-x86_64-debian-clang | 1.0.2 | 4.58 | 41.42 | 46.00 | NOTE | |
r-devel-linux-x86_64-debian-gcc | 1.0.2 | 4.03 | 31.51 | 35.54 | NOTE | |
r-devel-linux-x86_64-fedora-clang | 1.0.2 | 60.37 | NOTE | |||
r-devel-linux-x86_64-fedora-gcc | 1.0.2 | 68.48 | NOTE | |||
r-devel-windows-x86_64 | 1.0.2 | 5.00 | 51.00 | 56.00 | NOTE | |
r-patched-linux-x86_64 | 1.0.2 | 8.03 | 40.54 | 48.57 | NOTE | |
r-release-linux-x86_64 | 1.0.2 | 4.28 | 38.73 | 43.01 | NOTE | |
r-release-macos-arm64 | 1.0.2 | 29.00 | NOTE | |||
r-release-macos-x86_64 | 1.0.2 | 41.00 | NOTE | |||
r-release-windows-x86_64 | 1.0.2 | 5.00 | 52.00 | 57.00 | NOTE | |
r-oldrel-macos-arm64 | 1.0.2 | 21.00 | NOTE | |||
r-oldrel-macos-x86_64 | 1.0.2 | 33.00 | NOTE | |||
r-oldrel-windows-x86_64 | 1.0.2 | 6.00 | 53.00 | 59.00 | NOTE |
Version: 1.0.2
Check: LazyData
Result: NOTE
'LazyData' is specified without a 'data' directory
Flavors: r-devel-linux-x86_64-debian-clang, r-devel-linux-x86_64-debian-gcc, r-devel-linux-x86_64-fedora-clang, r-devel-linux-x86_64-fedora-gcc, r-devel-windows-x86_64, r-patched-linux-x86_64, r-release-linux-x86_64, r-release-macos-arm64, r-release-macos-x86_64, r-release-windows-x86_64, r-oldrel-macos-arm64, r-oldrel-macos-x86_64, r-oldrel-windows-x86_64
Version: 1.0.2
Check: package dependencies
Result: NOTE
Package suggested but not available for checking: ‘preprocessCore’
Flavor: r-oldrel-macos-x86_64