CRAN Package Check Results for Package wsrf

Last updated on 2021-10-23 12:07:51 CEST.

Flavor Version Tinstall Tcheck Ttotal Status Flags
r-devel-linux-x86_64-debian-clang 1.7.22 84.15 41.48 125.63 OK
r-devel-linux-x86_64-debian-gcc 1.7.22 57.33 32.94 90.27 OK
r-devel-linux-x86_64-fedora-clang 1.7.22 216.10 OK
r-devel-linux-x86_64-fedora-gcc 1.7.22 170.45 OK
r-devel-windows-x86_64 1.7.22 109.00 62.00 171.00 OK
r-devel-windows-x86_64-gcc10-UCRT 1.7.22 OK
r-patched-linux-x86_64 1.7.22 72.81 40.21 113.02 OK
r-patched-solaris-x86 1.7.22 163.60 OK
r-release-linux-x86_64 1.7.22 69.81 40.76 110.57 OK
r-release-macos-arm64 1.7.21 NOTE
r-release-macos-x86_64 1.7.22 OK
r-release-windows-ix86+x86_64 1.7.22 153.00 101.00 254.00 OK
r-oldrel-macos-x86_64 1.7.22 OK
r-oldrel-windows-ix86+x86_64 1.7.22 145.00 87.00 232.00 OK

Check Details

Version: 1.7.21
Check: installed package size
Result: NOTE
     installed size is 5.7Mb
     sub-directories of 1Mb or more:
     libs 5.5Mb
Flavor: r-release-macos-arm64