Last updated on 2023-09-29 00:57:05 CEST.
Flavor | Version | Tinstall | Tcheck | Ttotal | Status | Flags |
---|---|---|---|---|---|---|
r-devel-linux-x86_64-debian-clang | 1.1.24 | 7.51 | 87.51 | 95.02 | OK | |
r-devel-linux-x86_64-debian-gcc | 1.1.24 | 6.09 | 64.69 | 70.78 | OK | |
r-devel-linux-x86_64-fedora-clang | 1.1.24 | 115.51 | OK | |||
r-devel-linux-x86_64-fedora-gcc | 1.1.24 | 154.16 | OK | |||
r-devel-windows-x86_64 | 1.1.24 | 8.00 | 84.00 | 92.00 | OK | |
r-patched-linux-x86_64 | 1.1.24 | 5.47 | 82.90 | 88.37 | OK | |
r-release-linux-x86_64 | 1.1.24 | 4.82 | 82.23 | 87.05 | OK | |
r-release-macos-arm64 | 1.1.24 | 55.00 | OK | |||
r-release-macos-x86_64 | 1.1.24 | 108.00 | OK | |||
r-release-windows-x86_64 | 1.1.24 | 11.00 | 95.00 | 106.00 | OK | |
r-oldrel-macos-arm64 | 1.1.24 | 56.00 | OK | |||
r-oldrel-macos-x86_64 | 1.1.24 | 69.00 | OK | |||
r-oldrel-windows-x86_64 | 1.1.24 | 10.00 | 94.00 | 104.00 | NOTE |
Version: 1.1.24
Check: HTML version of manual
Result: NOTE
Found the following problems:
retrieveFunctionReturnTypes.Rd:48:38: Warning: nested emphasis <code>
retrieveFunctionReturnTypes.Rd:52:38: Warning: nested emphasis <code>
retrieveFunctionReturnTypes.Rd:56:38: Warning: nested emphasis <code>
retrieveTestCaseDefinitions.Rd:52:38: Warning: nested emphasis <code>
retrieveTestCaseDefinitions.Rd:56:38: Warning: nested emphasis <code>
retrieveTestCaseDefinitions.Rd:61:38: Warning: nested emphasis <code>
Flavor: r-oldrel-windows-x86_64