Last updated on 2024-03-28 23:55:24 CET.
Flavor | Version | Tinstall | Tcheck | Ttotal | Status | Flags |
---|---|---|---|---|---|---|
r-devel-linux-x86_64-debian-clang | 1.1.24 | 5.85 | 89.05 | 94.90 | OK | |
r-devel-linux-x86_64-debian-gcc | 1.1.24 | 6.06 | 65.67 | 71.73 | OK | |
r-devel-linux-x86_64-fedora-clang | 1.1.24 | 118.62 | OK | |||
r-devel-linux-x86_64-fedora-gcc | 1.1.24 | 150.37 | OK | |||
r-devel-windows-x86_64 | 1.1.24 | 7.00 | 97.00 | 104.00 | OK | |
r-patched-linux-x86_64 | 1.1.24 | 5.65 | 86.87 | 92.52 | OK | |
r-release-linux-x86_64 | 1.1.24 | 4.95 | 83.27 | 88.22 | OK | |
r-release-macos-arm64 | 1.1.24 | 55.00 | OK | |||
r-release-macos-x86_64 | 1.1.24 | 108.00 | OK | |||
r-release-windows-x86_64 | 1.1.24 | 10.00 | 108.00 | 118.00 | OK | |
r-oldrel-macos-arm64 | 1.1.24 | 56.00 | OK | |||
r-oldrel-windows-x86_64 | 1.1.24 | 12.00 | 114.00 | 126.00 | NOTE |
Version: 1.1.24
Check: HTML version of manual
Result: NOTE
Found the following problems:
retrieveFunctionReturnTypes.Rd:48:38: Warning: nested emphasis <code>
retrieveFunctionReturnTypes.Rd:52:38: Warning: nested emphasis <code>
retrieveFunctionReturnTypes.Rd:56:38: Warning: nested emphasis <code>
retrieveTestCaseDefinitions.Rd:52:38: Warning: nested emphasis <code>
retrieveTestCaseDefinitions.Rd:56:38: Warning: nested emphasis <code>
retrieveTestCaseDefinitions.Rd:61:38: Warning: nested emphasis <code>
Flavor: r-oldrel-windows-x86_64