CRAN Package Check Results for Package x13binary

Last updated on 2024-02-21 00:54:45 CET.

Flavor Version Tinstall Tcheck Ttotal Status Flags
r-devel-linux-x86_64-debian-clang 1.1.60 OK
r-devel-linux-x86_64-debian-gcc 1.1.60 45.87 20.58 66.45 OK
r-devel-linux-x86_64-fedora-clang 1.1.60 307.82 ERROR
r-devel-linux-x86_64-fedora-gcc 1.1.60 115.56 OK
r-devel-windows-x86_64 1.1.60 138.00 38.00 176.00 NOTE
r-patched-linux-x86_64 1.1.60 51.92 25.96 77.88 OK
r-release-linux-x86_64 1.1.60 49.72 26.40 76.12 OK
r-release-macos-arm64 1.1.60 92.00 OK
r-release-macos-x86_64 1.1.60 89.00 OK
r-release-windows-x86_64 1.1.60 150.00 35.00 185.00 NOTE
r-oldrel-macos-arm64 1.1.60 111.00 OK
r-oldrel-windows-x86_64 1.1.60 3.00 7.00 10.00 ERROR

Additional issues

clang17 clang17 Intel Intel

Check Details

Version: 1.1.60
Check: whether package can be installed
Result: ERROR Installation failed. Flavors: r-devel-linux-x86_64-fedora-clang, r-oldrel-windows-x86_64

Version: 1.1.60
Check: installed package size
Result: NOTE installed size is 5.6Mb sub-directories of 1Mb or more: bin 5.6Mb Flavors: r-devel-windows-x86_64, r-release-windows-x86_64