Last updated on 2024-04-19 16:59:02 CEST.
Flavor | Version | Tinstall | Tcheck | Ttotal | Status | Flags |
---|---|---|---|---|---|---|
r-devel-linux-x86_64-debian-clang | 3.0.2 | 6.82 | 52.55 | 59.37 | OK | |
r-devel-linux-x86_64-debian-gcc | 3.0.2 | OK | ||||
r-devel-linux-x86_64-fedora-clang | 3.0.2 | 75.36 | NOTE | |||
r-devel-linux-x86_64-fedora-gcc | 3.0.2 | 71.88 | NOTE | |||
r-prerel-macos-arm64 | 3.0.2 | 28.00 | OK | |||
r-prerel-windows-x86_64 | 3.0.2 | 7.00 | 57.00 | 64.00 | OK | |
r-patched-linux-x86_64 | 3.0.2 | 4.63 | 50.69 | 55.32 | OK | |
r-release-linux-x86_64 | 3.0.2 | 5.12 | 49.64 | 54.76 | OK | |
r-release-macos-arm64 | 3.0.2 | 26.00 | OK | |||
r-release-macos-x86_64 | 3.0.2 | 41.00 | OK | |||
r-release-windows-x86_64 | 3.0.2 | 9.00 | 60.00 | 69.00 | OK | |
r-oldrel-macos-arm64 | 3.0.2 | 28.00 | NOTE | |||
r-oldrel-windows-x86_64 | 3.0.2 | 10.00 | 65.00 | 75.00 | OK |
Version: 3.0.2
Check: data for non-ASCII characters
Result: NOTE
Note: found 268 marked UTF-8 strings
Flavors: r-devel-linux-x86_64-fedora-clang, r-devel-linux-x86_64-fedora-gcc, r-oldrel-macos-arm64