CRAN Package Check Results for Package xesreadR

Last updated on 2023-06-09 16:57:11 CEST.

Flavor Version Tinstall Tcheck Ttotal Status Flags
r-devel-linux-x86_64-debian-clang 0.2.3 8.19 76.67 84.86 NOTE
r-devel-linux-x86_64-debian-gcc 0.2.3 7.84 57.64 65.48 NOTE
r-devel-linux-x86_64-fedora-clang 0.2.3 109.53 NOTE
r-devel-linux-x86_64-fedora-gcc 0.2.3 112.79 NOTE
r-devel-windows-x86_64 0.2.3 11.00 73.00 84.00 NOTE
r-patched-linux-x86_64 0.2.3 8.63 71.09 79.72 NOTE
r-release-linux-x86_64 0.2.3 9.69 71.27 80.96 NOTE
r-release-macos-arm64 0.2.3 36.00 NOTE
r-release-macos-x86_64 0.2.3 58.00 NOTE
r-release-windows-x86_64 0.2.3 12.00 83.00 95.00 NOTE
r-oldrel-macos-arm64 0.2.3 31.00 NOTE
r-oldrel-macos-x86_64 0.2.3 52.00 NOTE
r-oldrel-windows-x86_64 0.2.3 12.00 87.00 99.00 NOTE

Check Details

Version: 0.2.3
Check: LazyData
Result: NOTE
     'LazyData' is specified without a 'data' directory
Flavors: r-devel-linux-x86_64-debian-clang, r-devel-linux-x86_64-debian-gcc, r-devel-linux-x86_64-fedora-clang, r-devel-linux-x86_64-fedora-gcc, r-devel-windows-x86_64, r-patched-linux-x86_64, r-release-linux-x86_64, r-release-macos-arm64, r-release-macos-x86_64, r-release-windows-x86_64, r-oldrel-macos-arm64, r-oldrel-macos-x86_64, r-oldrel-windows-x86_64