Last updated on 2023-12-07 00:56:32 CET.
Flavor | Version | Tinstall | Tcheck | Ttotal | Status | Flags |
---|---|---|---|---|---|---|
r-devel-linux-x86_64-debian-clang | 0.41 | 7.48 | 59.77 | 67.25 | OK | |
r-devel-linux-x86_64-debian-gcc | 0.41 | 4.34 | 45.48 | 49.82 | OK | |
r-devel-linux-x86_64-fedora-clang | 0.41 | 82.79 | OK | |||
r-devel-linux-x86_64-fedora-gcc | 0.41 | 84.53 | OK | |||
r-devel-windows-x86_64 | 0.41 | 2.00 | 5.00 | 7.00 | ERROR | |
r-patched-linux-x86_64 | 0.41 | 8.07 | 55.73 | 63.80 | OK | |
r-release-linux-x86_64 | 0.41 | 7.18 | 57.12 | 64.30 | OK | |
r-release-macos-arm64 | 0.41 | 73.00 | OK | |||
r-release-macos-x86_64 | 0.41 | 137.00 | OK | |||
r-release-windows-x86_64 | 0.41 | 10.00 | 97.00 | 107.00 | OK | |
r-oldrel-macos-arm64 | 0.41 | 70.00 | OK | |||
r-oldrel-macos-x86_64 | 0.40 | 98.00 | OK | |||
r-oldrel-windows-x86_64 | 0.41 | 13.00 | 86.00 | 99.00 | OK |
Version: 0.41
Check: whether package can be installed
Result: ERROR
Installation failed.
Flavor: r-devel-windows-x86_64