Last updated on 2023-06-05 09:54:17 CEST.
Flavor | Version | Tinstall | Tcheck | Ttotal | Status | Flags |
---|---|---|---|---|---|---|
r-devel-linux-x86_64-debian-clang | 1.7.5.1 | 632.33 | 351.29 | 983.62 | NOTE | |
r-devel-linux-x86_64-debian-gcc | 1.7.5.1 | 619.09 | 276.43 | 895.52 | NOTE | |
r-devel-linux-x86_64-fedora-gcc | 1.7.5.1 | 1569.72 | NOTE | |||
r-devel-windows-x86_64 | 1.7.5.1 | 523.00 | 271.00 | 794.00 | NOTE | |
r-patched-linux-x86_64 | 1.7.5.1 | 628.92 | 334.64 | 963.56 | NOTE | |
r-release-linux-x86_64 | 1.7.5.1 | 631.79 | 315.08 | 946.87 | NOTE | |
r-release-macos-arm64 | 1.7.5.1 | 381.00 | NOTE | |||
r-release-macos-x86_64 | 1.7.5.1 | 633.00 | NOTE | |||
r-release-windows-x86_64 | 1.7.5.1 | 650.00 | 366.00 | 1016.00 | NOTE | |
r-oldrel-macos-arm64 | 1.7.5.1 | 333.00 | NOTE | |||
r-oldrel-macos-x86_64 | 1.7.5.1 | 391.00 | NOTE | |||
r-oldrel-windows-x86_64 | 1.7.5.1 | 629.00 | 347.00 | 976.00 | NOTE |
Version: 1.7.5.1
Check: for GNU extensions in Makefiles
Result: NOTE
GNU make is a SystemRequirements.
Flavors: r-devel-linux-x86_64-debian-clang, r-devel-linux-x86_64-debian-gcc, r-devel-linux-x86_64-fedora-gcc, r-devel-windows-x86_64, r-patched-linux-x86_64, r-release-linux-x86_64, r-release-macos-arm64, r-release-macos-x86_64, r-release-windows-x86_64, r-oldrel-macos-arm64, r-oldrel-macos-x86_64, r-oldrel-windows-x86_64
Version: 1.7.5.1
Check: installed package size
Result: NOTE
installed size is 5.5Mb
sub-directories of 1Mb or more:
libs 4.6Mb
Flavors: r-devel-windows-x86_64, r-release-macos-arm64, r-release-macos-x86_64, r-release-windows-x86_64, r-oldrel-macos-arm64, r-oldrel-macos-x86_64, r-oldrel-windows-x86_64