Last updated on 2022-08-13 20:49:18 CEST.
Flavor | Version | Tinstall | Tcheck | Ttotal | Status | Flags |
---|---|---|---|---|---|---|
r-devel-linux-x86_64-debian-clang | 1.6.0.1 | 409.36 | 337.01 | 746.37 | NOTE | |
r-devel-linux-x86_64-debian-gcc | 1.6.0.1 | 255.13 | 255.23 | 510.36 | NOTE | |
r-devel-linux-x86_64-fedora-clang | 1.6.0.1 | 967.82 | NOTE | |||
r-devel-linux-x86_64-fedora-gcc | 1.6.0.1 | 769.96 | NOTE | |||
r-devel-windows-x86_64 | 1.6.0.1 | 333.00 | 392.00 | 725.00 | NOTE | |
r-patched-linux-x86_64 | 1.6.0.1 | 242.33 | 316.82 | 559.15 | NOTE | |
r-release-linux-x86_64 | 1.6.0.1 | 267.91 | 302.89 | 570.80 | NOTE | |
r-release-macos-arm64 | 1.6.0.1 | 183.00 | NOTE | |||
r-release-macos-x86_64 | 1.6.0.1 | 253.00 | NOTE | |||
r-release-windows-x86_64 | 1.6.0.1 | 290.00 | 392.00 | 682.00 | NOTE | |
r-oldrel-macos-arm64 | 1.6.0.1 | 185.00 | NOTE | |||
r-oldrel-macos-x86_64 | 1.6.0.1 | 254.00 | NOTE | |||
r-oldrel-windows-ix86+x86_64 | 1.6.0.1 | 553.00 | 523.00 | 1076.00 | NOTE |
Version: 1.6.0.1
Check: for GNU extensions in Makefiles
Result: NOTE
GNU make is a SystemRequirements.
Flavors: r-devel-linux-x86_64-debian-clang, r-devel-linux-x86_64-debian-gcc, r-devel-linux-x86_64-fedora-clang, r-devel-linux-x86_64-fedora-gcc, r-devel-windows-x86_64, r-patched-linux-x86_64, r-release-linux-x86_64, r-release-macos-arm64, r-release-macos-x86_64, r-release-windows-x86_64, r-oldrel-macos-arm64, r-oldrel-macos-x86_64, r-oldrel-windows-ix86+x86_64
Version: 1.6.0.1
Check: installed package size
Result: NOTE
installed size is 30.5Mb
sub-directories of 1Mb or more:
libs 29.6Mb
Flavors: r-devel-linux-x86_64-fedora-clang, r-release-macos-arm64, r-release-macos-x86_64, r-oldrel-macos-arm64, r-oldrel-macos-x86_64, r-oldrel-windows-ix86+x86_64