Last updated on 2024-04-23 16:58:34 CEST.
Flavor | Version | Tinstall | Tcheck | Ttotal | Status | Flags |
---|---|---|---|---|---|---|
r-devel-linux-x86_64-debian-clang | 1.1.2 | 17.80 | 274.21 | 292.01 | OK | |
r-devel-linux-x86_64-debian-gcc | 1.1.2 | 11.85 | 195.86 | 207.71 | OK | |
r-devel-linux-x86_64-fedora-clang | 1.1.2 | 365.18 | NOTE | |||
r-devel-linux-x86_64-fedora-gcc | 1.1.2 | 356.74 | OK | |||
r-prerel-macos-arm64 | 1.1.2 | 94.00 | OK | |||
r-prerel-windows-x86_64 | 1.1.2 | 17.00 | 199.00 | 216.00 | OK | |
r-patched-linux-x86_64 | 1.1.2 | 21.63 | 254.19 | 275.82 | OK | |
r-release-linux-x86_64 | 1.1.2 | 13.59 | 257.42 | 271.01 | OK | |
r-release-macos-arm64 | 1.1.2 | 102.00 | OK | |||
r-release-macos-x86_64 | 1.1.2 | 167.00 | OK | |||
r-release-windows-x86_64 | 1.1.2 | 22.00 | 250.00 | 272.00 | OK | |
r-oldrel-macos-arm64 | 1.1.2 | 89.00 | OK | |||
r-oldrel-windows-x86_64 | 1.1.2 | 23.00 | 251.00 | 274.00 | OK |
Version: 1.1.2
Check: Rd cross-references
Result: NOTE
Undeclared package ‘rlang’ in Rd xrefs
Flavor: r-devel-linux-x86_64-fedora-clang