CRAN Package Check Results for Package xmlparsedata

Last updated on 2021-12-06 04:50:54 CET.

Flavor Version Tinstall Tcheck Ttotal Status Flags
r-devel-linux-x86_64-debian-clang 1.0.5 1.83 29.29 31.12 NOTE
r-devel-linux-x86_64-debian-gcc 1.0.5 1.46 24.60 26.06 NOTE
r-devel-linux-x86_64-fedora-clang 1.0.5 42.61 NOTE
r-devel-linux-x86_64-fedora-gcc 1.0.5 28.60 NOTE
r-devel-windows-x86_64-new-UL 1.0.5 6.00 54.00 60.00 NOTE
r-devel-windows-x86_64-new-TK 1.0.5 NOTE
r-devel-windows-x86_64-old 1.0.5 3.00 32.00 35.00 NOTE
r-patched-linux-x86_64 1.0.5 1.77 20.41 22.18 NOTE
r-release-linux-x86_64 1.0.5 1.76 28.97 30.73 NOTE
r-release-macos-arm64 1.0.5 NOTE
r-release-macos-x86_64 1.0.5 NOTE
r-release-windows-ix86+x86_64 1.0.5 5.00 37.00 42.00 NOTE
r-oldrel-macos-x86_64 1.0.5 OK
r-oldrel-windows-ix86+x86_64 1.0.5 15.00 41.00 56.00 OK

Check Details

Version: 1.0.5
Check: LazyData
Result: NOTE
     'LazyData' is specified without a 'data' directory
Flavors: r-devel-linux-x86_64-debian-clang, r-devel-linux-x86_64-debian-gcc, r-devel-linux-x86_64-fedora-clang, r-devel-linux-x86_64-fedora-gcc, r-devel-windows-x86_64-new-UL, r-devel-windows-x86_64-new-TK, r-devel-windows-x86_64-old, r-patched-linux-x86_64, r-release-linux-x86_64, r-release-macos-arm64, r-release-macos-x86_64, r-release-windows-ix86+x86_64