Last updated on 2024-03-28 00:00:02 CET.
Flavor | Version | Tinstall | Tcheck | Ttotal | Status | Flags |
---|---|---|---|---|---|---|
r-devel-linux-x86_64-debian-clang | 1.0.5 | 1.95 | 23.11 | 25.06 | NOTE | |
r-devel-linux-x86_64-debian-gcc | 1.0.5 | 1.33 | 18.45 | 19.78 | NOTE | |
r-devel-linux-x86_64-fedora-clang | 1.0.5 | 31.73 | NOTE | |||
r-devel-linux-x86_64-fedora-gcc | 1.0.5 | 30.49 | NOTE | |||
r-devel-windows-x86_64 | 1.0.5 | 2.00 | 41.00 | 43.00 | NOTE | |
r-patched-linux-x86_64 | 1.0.5 | 1.97 | 22.11 | 24.08 | NOTE | |
r-release-linux-x86_64 | 1.0.5 | 1.65 | 22.35 | 24.00 | NOTE | |
r-release-macos-arm64 | 1.0.5 | 20.00 | NOTE | |||
r-release-macos-x86_64 | 1.0.5 | 19.00 | NOTE | |||
r-release-windows-x86_64 | 1.0.5 | 4.00 | 40.00 | 44.00 | NOTE | |
r-oldrel-macos-arm64 | 1.0.5 | 16.00 | NOTE | |||
r-oldrel-windows-x86_64 | 1.0.5 | 4.00 | 43.00 | 47.00 | NOTE |
Version: 1.0.5
Check: LazyData
Result: NOTE
'LazyData' is specified without a 'data' directory
Flavors: r-devel-linux-x86_64-debian-clang, r-devel-linux-x86_64-debian-gcc, r-devel-linux-x86_64-fedora-clang, r-devel-linux-x86_64-fedora-gcc, r-devel-windows-x86_64, r-patched-linux-x86_64, r-release-linux-x86_64, r-release-macos-arm64, r-release-macos-x86_64, r-release-windows-x86_64, r-oldrel-macos-arm64, r-oldrel-windows-x86_64