CRAN Package Check Results for Package xplorerr

Last updated on 2021-09-23 12:58:17 CEST.

Flavor Version Tinstall Tcheck Ttotal Status Flags
r-devel-linux-x86_64-debian-clang 0.1.2 28.30 31.71 60.01 OK
r-devel-linux-x86_64-debian-gcc 0.1.2 16.74 25.49 42.23 OK
r-devel-linux-x86_64-fedora-clang 0.1.2 85.53 OK
r-devel-linux-x86_64-fedora-gcc 0.1.2 67.65 OK
r-devel-windows-x86_64 0.1.2 28.00 44.00 72.00 OK
r-devel-windows-x86_64-gcc10-UCRT 0.1.2 ERROR
r-patched-linux-x86_64 0.1.2 14.34 30.77 45.11 OK
r-patched-solaris-x86 0.1.2 85.20 OK
r-release-linux-x86_64 0.1.2 19.80 30.89 50.69 OK
r-release-macos-arm64 0.1.2 OK
r-release-macos-x86_64 0.1.2 OK
r-release-windows-ix86+x86_64 0.1.2 60.00 56.00 116.00 OK
r-oldrel-macos-x86_64 0.1.2 OK
r-oldrel-windows-ix86+x86_64 0.1.2 42.00 53.00 95.00 OK

Check Details

Version: 0.1.2
Check: package dependencies
Result: NOTE
    Packages suggested but not available for checking:
     'highcharter', 'kableExtra'
Flavor: r-devel-windows-x86_64-gcc10-UCRT

Version: 0.1.2
Check: whether package can be installed
Result: ERROR
    Installation failed.
Flavor: r-devel-windows-x86_64-gcc10-UCRT