CRAN Package Check Results for Package yaps

Last updated on 2021-12-05 08:51:15 CET.

Flavor Version Tinstall Tcheck Ttotal Status Flags
r-devel-linux-x86_64-debian-clang 1.2.5 100.53 210.02 310.55 OK
r-devel-linux-x86_64-debian-gcc 1.2.5 63.73 152.19 215.92 OK
r-devel-linux-x86_64-fedora-clang 1.2.5 435.75 NOTE
r-devel-linux-x86_64-fedora-gcc 1.2.5 342.08 OK
r-devel-windows-x86_64-new-UL 1.2.5 83.00 272.00 355.00 NOTE
r-devel-windows-x86_64-new-TK 1.2.5 OK
r-devel-windows-x86_64-old 1.2.5 75.00 228.00 303.00 NOTE
r-patched-linux-x86_64 1.2.5 59.38 194.42 253.80 OK
r-release-linux-x86_64 1.2.5 62.44 200.73 263.17 OK
r-release-macos-arm64 1.2.5 NOTE
r-release-macos-x86_64 1.2.5 NOTE
r-release-windows-ix86+x86_64 1.2.5 147.00 489.00 636.00 NOTE
r-oldrel-macos-x86_64 1.2.5 NOTE
r-oldrel-windows-ix86+x86_64 1.2.5 140.00 500.00 640.00 NOTE

Check Details

Version: 1.2.5
Check: installed package size
Result: NOTE
     installed size is 16.0Mb
     sub-directories of 1Mb or more:
     libs 14.0Mb
Flavors: r-devel-linux-x86_64-fedora-clang, r-devel-windows-x86_64-new-UL, r-devel-windows-x86_64-old, r-release-macos-arm64, r-release-macos-x86_64, r-release-windows-ix86+x86_64, r-oldrel-macos-x86_64, r-oldrel-windows-ix86+x86_64