CRAN Package Check Results for Package yatah

Last updated on 2021-10-23 20:52:40 CEST.

Flavor Version Tinstall Tcheck Ttotal Status Flags
r-devel-linux-x86_64-debian-clang 0.1.0 3.01 42.06 45.07 OK
r-devel-linux-x86_64-debian-gcc 0.1.0 2.87 32.91 35.78 OK
r-devel-linux-x86_64-fedora-clang 0.1.0 68.81 OK
r-devel-linux-x86_64-fedora-gcc 0.1.0 54.43 OK
r-devel-windows-x86_64 0.1.0 6.00 53.00 59.00 OK
r-devel-windows-x86_64-gcc10-UCRT 0.1.0 OK
r-patched-linux-x86_64 0.1.0 3.82 40.66 44.48 OK
r-patched-solaris-x86 0.1.0 83.20 OK
r-release-linux-x86_64 0.1.0 3.26 40.38 43.64 OK
r-release-macos-arm64 0.1.0 OK
r-release-macos-x86_64 0.1.0 WARN
r-release-windows-ix86+x86_64 0.1.0 7.00 66.00 73.00 OK
r-oldrel-macos-x86_64 0.1.0 WARN
r-oldrel-windows-ix86+x86_64 0.1.0 11.00 61.00 72.00 WARN

Check Details

Version: 0.1.0
Check: package dependencies
Result: NOTE
    Package suggested but not available for checking: ‘ggtree’
Flavors: r-release-macos-x86_64, r-oldrel-macos-x86_64

Version: 0.1.0
Check: re-building of vignette outputs
Result: WARN
    Error(s) in re-building vignettes:
     ...
    --- re-building ‘gammaproteobacteria.Rmd’ using rmarkdown
    Warning in engine$weave(file, quiet = quiet, encoding = enc) :
     Pandoc (>= 1.12.3) not available. Falling back to R Markdown v1.
    Quitting from lines 24-27 (gammaproteobacteria.Rmd)
    Error: processing vignette 'gammaproteobacteria.Rmd' failed with diagnostics:
    there is no package called 'ggtree'
    --- failed re-building ‘gammaproteobacteria.Rmd’
    
    SUMMARY: processing the following file failed:
     ‘gammaproteobacteria.Rmd’
    
    Error: Vignette re-building failed.
    Execution halted
Flavor: r-release-macos-x86_64

Version: 0.1.0
Check: re-building of vignette outputs
Result: WARN
    Error(s) in re-building vignettes:
     ...
    --- re-building ‘gammaproteobacteria.Rmd’ using rmarkdown
    Warning in engine$weave(file, quiet = quiet, encoding = enc) :
     Pandoc (>= 1.12.3) and/or pandoc-citeproc not available. Falling back to R Markdown v1.
    Quitting from lines 24-27 (gammaproteobacteria.Rmd)
    Error: processing vignette 'gammaproteobacteria.Rmd' failed with diagnostics:
    there is no package called 'ggtree'
    --- failed re-building ‘gammaproteobacteria.Rmd’
    
    SUMMARY: processing the following file failed:
     ‘gammaproteobacteria.Rmd’
    
    Error: Vignette re-building failed.
    Execution halted
Flavor: r-oldrel-macos-x86_64

Version: 0.1.0
Check: re-building of vignette outputs
Result: WARN
    Error(s) in re-building vignettes:
    --- re-building 'gammaproteobacteria.Rmd' using rmarkdown
    Quitting from lines 24-27 (gammaproteobacteria.Rmd)
    Error: processing vignette 'gammaproteobacteria.Rmd' failed with diagnostics:
    package or namespace load failed for 'ggtree':
     object 'get_aes_var' is not exported by 'namespace:rvcheck'
    --- failed re-building 'gammaproteobacteria.Rmd'
    
    SUMMARY: processing the following file failed:
     'gammaproteobacteria.Rmd'
    
    Error: Vignette re-building failed.
    Execution halted
Flavor: r-oldrel-windows-ix86+x86_64