CRAN Package Check Results for Package ymlthis

Last updated on 2021-09-26 04:50:50 CEST.

Flavor Version Tinstall Tcheck Ttotal Status Flags
r-devel-linux-x86_64-debian-clang 0.1.5 4.06 49.58 53.64 OK
r-devel-linux-x86_64-debian-gcc 0.1.5 3.69 38.79 42.48 OK
r-devel-linux-x86_64-fedora-clang 0.1.5 75.02 NOTE
r-devel-linux-x86_64-fedora-gcc 0.1.5 63.82 NOTE
r-devel-windows-x86_64 0.1.5 6.00 64.00 70.00 OK
r-devel-windows-x86_64-gcc10-UCRT 0.1.5 NOTE
r-patched-linux-x86_64 0.1.5 7.48 50.37 57.85 OK
r-patched-solaris-x86 0.1.5 79.10 NOTE
r-release-linux-x86_64 0.1.5 4.28 50.55 54.83 OK
r-release-macos-arm64 0.1.5 NOTE
r-release-macos-x86_64 0.1.5 NOTE
r-release-windows-ix86+x86_64 0.1.5 9.00 66.00 75.00 OK
r-oldrel-macos-x86_64 0.1.5 NOTE
r-oldrel-windows-ix86+x86_64 0.1.5 9.00 61.00 70.00 OK

Check Details

Version: 0.1.5
Check: dependencies in R code
Result: NOTE
    Namespaces in Imports field not imported from:
     ‘miniUI’ ‘shinyBS’
     All declared Imports should be used.
Flavors: r-devel-linux-x86_64-fedora-clang, r-devel-linux-x86_64-fedora-gcc, r-devel-windows-x86_64-gcc10-UCRT, r-patched-solaris-x86, r-release-macos-arm64, r-release-macos-x86_64, r-oldrel-macos-x86_64