Last updated on 2024-04-27 00:58:26 CEST.
Flavor | Version | Tinstall | Tcheck | Ttotal | Status | Flags |
---|---|---|---|---|---|---|
r-devel-linux-x86_64-debian-clang | 0.1.0 | 15.18 | 42.96 | 58.14 | OK | |
r-devel-linux-x86_64-debian-gcc | 0.1.0 | 13.81 | 33.77 | 47.58 | OK | |
r-devel-linux-x86_64-fedora-clang | 0.1.0 | 78.14 | NOTE | |||
r-devel-linux-x86_64-fedora-gcc | 0.1.0 | 72.67 | NOTE | |||
r-devel-windows-x86_64 | 0.1.0 | 14.00 | 52.00 | 66.00 | OK | |
r-patched-linux-x86_64 | 0.1.0 | 10.54 | 42.59 | 53.13 | OK | |
r-release-linux-x86_64 | 0.1.0 | 10.98 | 43.22 | 54.20 | OK | |
r-release-macos-arm64 | 0.1.0 | 33.00 | OK | |||
r-release-windows-x86_64 | 0.1.0 | 17.00 | 53.00 | 70.00 | OK | |
r-oldrel-macos-arm64 | 0.1.0 | 31.00 | OK | |||
r-oldrel-macos-x86_64 | 0.1.0 | 48.00 | OK | |||
r-oldrel-windows-x86_64 | 0.1.0 | 20.00 | 58.00 | 78.00 | OK |
Version: 0.1.0
Check: dependencies in R code
Result: NOTE
Namespace in Imports field not imported from: ‘tidyverse’
All declared Imports should be used.
Flavors: r-devel-linux-x86_64-fedora-clang, r-devel-linux-x86_64-fedora-gcc