CRAN Package Check Results for Package zipcodeR

Last updated on 2021-10-21 08:51:10 CEST.

Flavor Version Tinstall Tcheck Ttotal Status Flags
r-devel-linux-x86_64-debian-clang 0.3.3 30.14 205.35 235.49 OK
r-devel-linux-x86_64-debian-gcc 0.3.3 28.16 165.81 193.97 OK
r-devel-linux-x86_64-fedora-clang 0.3.3 421.72 NOTE
r-devel-linux-x86_64-fedora-gcc 0.3.3 278.63 NOTE
r-devel-windows-x86_64 0.3.3 52.00 297.00 349.00 OK
r-devel-windows-x86_64-gcc10-UCRT 0.3.3 NOTE
r-patched-linux-x86_64 0.3.3 27.34 199.54 226.88 OK
r-patched-solaris-x86 0.3.3 305.20 NOTE
r-release-linux-x86_64 0.3.3 32.75 197.59 230.34 OK
r-release-macos-arm64 0.3.3 NOTE
r-release-macos-x86_64 0.3.3 NOTE
r-release-windows-ix86+x86_64 0.3.3 73.00 420.00 493.00 OK
r-oldrel-macos-x86_64 0.3.3 NOTE
r-oldrel-windows-ix86+x86_64 0.3.3 56.00 256.00 312.00 OK

Check Details

Version: 0.3.3
Check: data for non-ASCII characters
Result: NOTE
     Note: found 5 marked UTF-8 strings
Flavors: r-devel-linux-x86_64-fedora-clang, r-devel-linux-x86_64-fedora-gcc, r-devel-windows-x86_64-gcc10-UCRT, r-patched-solaris-x86, r-release-macos-arm64, r-release-macos-x86_64, r-oldrel-macos-x86_64