Last updated on 2024-04-23 08:58:22 CEST.
Flavor | Version | Tinstall | Tcheck | Ttotal | Status | Flags |
---|---|---|---|---|---|---|
r-devel-linux-x86_64-debian-clang | 0.2.3 | 2.65 | 36.63 | 39.28 | OK | |
r-devel-linux-x86_64-debian-gcc | 0.2.3 | 1.97 | 28.36 | 30.33 | OK | |
r-devel-linux-x86_64-fedora-clang | 0.2.3 | 50.54 | NOTE | |||
r-devel-linux-x86_64-fedora-gcc | 0.2.3 | 61.04 | OK | |||
r-prerel-macos-arm64 | 0.2.3 | 24.00 | OK | |||
r-prerel-windows-x86_64 | 0.2.3 | 4.00 | 57.00 | 61.00 | OK | |
r-patched-linux-x86_64 | 0.2.3 | 2.70 | 35.44 | 38.14 | OK | |
r-release-linux-x86_64 | 0.2.3 | 2.56 | 34.65 | 37.21 | OK | |
r-release-macos-arm64 | 0.2.3 | 28.00 | OK | |||
r-release-macos-x86_64 | 0.2.3 | 58.00 | OK | |||
r-release-windows-x86_64 | 0.2.3 | 4.00 | 59.00 | 63.00 | OK | |
r-oldrel-macos-arm64 | 0.2.3 | 22.00 | OK | |||
r-oldrel-windows-x86_64 | 0.2.3 | 4.00 | 54.00 | 58.00 | OK |
Version: 0.2.3
Check: Rd cross-references
Result: NOTE
Undeclared package ‘rlang’ in Rd xrefs
Flavor: r-devel-linux-x86_64-fedora-clang