Last updated on 2023-06-02 18:53:01 CEST.
Flavor | Version | Tinstall | Tcheck | Ttotal | Status | Flags |
---|---|---|---|---|---|---|
r-devel-linux-x86_64-debian-clang | 1.1.0 | 148.32 | 133.79 | 282.11 | NOTE | |
r-devel-linux-x86_64-debian-gcc | 1.1.0 | 129.90 | 117.79 | 247.69 | NOTE | |
r-devel-linux-x86_64-fedora-clang | 1.1.0 | 340.43 | NOTE | |||
r-devel-linux-x86_64-fedora-gcc | 1.1.0 | 492.66 | NOTE | |||
r-devel-windows-x86_64 | 1.1.0 | 126.00 | 175.00 | 301.00 | NOTE | |
r-patched-linux-x86_64 | 1.1.0 | NOTE | ||||
r-release-linux-x86_64 | 1.1.0 | 103.44 | 140.35 | 243.79 | NOTE | |
r-release-macos-arm64 | 1.1.0 | 138.00 | NOTE | |||
r-release-macos-x86_64 | 1.1.0 | 213.00 | NOTE | |||
r-release-windows-x86_64 | 1.1.0 | 150.00 | 226.00 | 376.00 | NOTE | |
r-oldrel-macos-arm64 | 1.1.0 | 103.00 | NOTE | |||
r-oldrel-macos-x86_64 | 1.1.0 | 189.00 | NOTE | |||
r-oldrel-windows-x86_64 | 1.1.0 | 135.00 | 222.00 | 357.00 | NOTE |
Version: 1.1.0
Check: for GNU extensions in Makefiles
Result: NOTE
GNU make is a SystemRequirements.
Flavors: r-devel-linux-x86_64-debian-clang, r-devel-linux-x86_64-debian-gcc, r-devel-linux-x86_64-fedora-clang, r-devel-linux-x86_64-fedora-gcc, r-devel-windows-x86_64, r-patched-linux-x86_64, r-release-linux-x86_64, r-release-macos-arm64, r-release-macos-x86_64, r-release-windows-x86_64, r-oldrel-macos-arm64, r-oldrel-macos-x86_64, r-oldrel-windows-x86_64
Version: 1.1.0
Check: dependencies in R code
Result: NOTE
Namespaces in Imports field not imported from:
‘RcppParallel’ ‘rstantools’
All declared Imports should be used.
Flavors: r-devel-linux-x86_64-fedora-clang, r-devel-linux-x86_64-fedora-gcc, r-oldrel-macos-arm64, r-oldrel-macos-x86_64
Version: 1.1.0
Check: Rd cross-references
Result: NOTE
Undeclared package ‘loo’ in Rd xrefs
Flavor: r-devel-linux-x86_64-fedora-clang
Version: 1.1.0
Check: installed package size
Result: NOTE
installed size is 36.5Mb
sub-directories of 1Mb or more:
libs 36.0Mb
Flavors: r-release-macos-arm64, r-release-macos-x86_64, r-oldrel-macos-arm64, r-oldrel-macos-x86_64