CRAN Package Check Results for Package zoltr

Last updated on 2021-10-23 12:07:51 CEST.

Flavor Version Tinstall Tcheck Ttotal Status Flags
r-devel-linux-x86_64-debian-clang 0.5.1 4.88 45.60 50.48 NOTE
r-devel-linux-x86_64-debian-gcc 0.5.1 4.18 36.65 40.83 NOTE
r-devel-linux-x86_64-fedora-clang 0.5.1 77.33 NOTE
r-devel-linux-x86_64-fedora-gcc 0.5.1 78.03 NOTE
r-devel-windows-x86_64 0.5.1 9.00 79.00 88.00 NOTE
r-devel-windows-x86_64-gcc10-UCRT 0.5.1 NOTE
r-patched-linux-x86_64 0.5.1 4.92 45.10 50.02 NOTE
r-patched-solaris-x86 0.5.1 93.50 NOTE
r-release-linux-x86_64 0.5.1 4.69 44.98 49.67 NOTE
r-release-macos-arm64 0.5.1 NOTE
r-release-macos-x86_64 0.5.1 NOTE
r-release-windows-ix86+x86_64 0.5.1 10.00 73.00 83.00 NOTE
r-oldrel-macos-x86_64 0.5.1 OK
r-oldrel-windows-ix86+x86_64 0.5.1 12.00 72.00 84.00 OK

Check Details

Version: 0.5.1
Check: LazyData
Result: NOTE
     'LazyData' is specified without a 'data' directory
Flavors: r-devel-linux-x86_64-debian-clang, r-devel-linux-x86_64-debian-gcc, r-devel-linux-x86_64-fedora-clang, r-devel-linux-x86_64-fedora-gcc, r-devel-windows-x86_64, r-devel-windows-x86_64-gcc10-UCRT, r-patched-linux-x86_64, r-patched-solaris-x86, r-release-linux-x86_64, r-release-macos-arm64, r-release-macos-x86_64, r-release-windows-ix86+x86_64