CRAN Package Check Results for Package zonator

Last updated on 2023-06-08 08:55:38 CEST.

Flavor Version Tinstall Tcheck Ttotal Status Flags
r-devel-linux-x86_64-debian-clang 0.6.0 42.03 235.30 277.33 NOTE
r-devel-linux-x86_64-debian-gcc 0.6.0 30.24 180.55 210.79 NOTE
r-devel-linux-x86_64-fedora-clang 0.6.0 509.70 NOTE
r-devel-linux-x86_64-fedora-gcc 0.6.0 314.67 NOTE
r-devel-windows-x86_64 0.6.0 32.00 233.00 265.00 NOTE
r-patched-linux-x86_64 0.6.0 43.25 213.23 256.48 NOTE
r-release-linux-x86_64 0.6.0 29.29 212.03 241.32 NOTE
r-release-macos-arm64 0.6.0 124.00 NOTE
r-release-macos-x86_64 0.6.0 221.00 NOTE
r-release-windows-x86_64 0.6.0 44.00 305.00 349.00 NOTE
r-oldrel-macos-arm64 0.6.0 90.00 NOTE
r-oldrel-macos-x86_64 0.6.0 178.00 NOTE
r-oldrel-windows-x86_64 0.6.0 45.00 291.00 336.00 NOTE

Check Details

Version: 0.6.0
Check: package dependencies
Result: NOTE
    Package suggested but not available for checking: ‘zdat’
Flavors: r-devel-linux-x86_64-debian-clang, r-devel-linux-x86_64-debian-gcc, r-devel-linux-x86_64-fedora-clang, r-devel-linux-x86_64-fedora-gcc, r-devel-windows-x86_64, r-patched-linux-x86_64, r-release-linux-x86_64, r-release-macos-arm64, r-release-macos-x86_64, r-release-windows-x86_64, r-oldrel-macos-arm64, r-oldrel-macos-x86_64, r-oldrel-windows-x86_64

Version: 0.6.0
Check: package subdirectories
Result: NOTE
    Problems with news in ‘NEWS.md’:
     Cannot extract version info from the following section titles:
     NEW DEPENDENCIES
Flavors: r-devel-linux-x86_64-debian-clang, r-devel-linux-x86_64-debian-gcc, r-devel-linux-x86_64-fedora-clang, r-devel-linux-x86_64-fedora-gcc, r-devel-windows-x86_64, r-patched-linux-x86_64, r-release-linux-x86_64, r-release-macos-arm64, r-release-macos-x86_64, r-release-windows-x86_64