Last updated on 2023-06-09 16:57:11 CEST.
Flavor | Version | Tinstall | Tcheck | Ttotal | Status | Flags |
---|---|---|---|---|---|---|
r-devel-linux-x86_64-debian-clang | 5.5.2 | 24.28 | 115.87 | 140.15 | NOTE | |
r-devel-linux-x86_64-debian-gcc | 5.5.2 | 16.53 | 94.80 | 111.33 | NOTE | |
r-devel-linux-x86_64-fedora-clang | 5.5.2 | 162.57 | NOTE | |||
r-devel-linux-x86_64-fedora-gcc | 5.5.2 | 162.22 | NOTE | |||
r-devel-windows-x86_64 | 5.5.2 | 19.00 | 118.00 | 137.00 | NOTE | |
r-patched-linux-x86_64 | 5.5.2 | 13.95 | 110.93 | 124.88 | NOTE | |
r-release-linux-x86_64 | 5.5.2 | 14.33 | 110.82 | 125.15 | NOTE | |
r-release-macos-arm64 | 5.5.2 | 53.00 | NOTE | |||
r-release-macos-x86_64 | 5.5.2 | 92.00 | NOTE | |||
r-release-windows-x86_64 | 5.5.2 | 26.00 | 143.00 | 169.00 | NOTE | |
r-oldrel-macos-arm64 | 5.5.2 | 45.00 | OK | |||
r-oldrel-macos-x86_64 | 5.5.2 | 84.00 | OK | |||
r-oldrel-windows-x86_64 | 5.5.2 | 26.00 | 142.00 | 168.00 | OK |
Version: 5.5.2
Check: Rd files
Result: NOTE
checkRd: (-1) ZIClass.Rd:87: Escaped LaTeX specials: \_
checkRd: (-1) ZITrain.Rd:72: Escaped LaTeX specials: \_
checkRd: (-1) ZITrain.Rd:74: Escaped LaTeX specials: \_
checkRd: (-1) zid.Rd:45: Escaped LaTeX specials: \_
checkRd: (-1) zim.Rd:63: Escaped LaTeX specials: \_
Flavors: r-devel-linux-x86_64-debian-clang, r-devel-linux-x86_64-debian-gcc, r-devel-linux-x86_64-fedora-clang, r-devel-linux-x86_64-fedora-gcc, r-devel-windows-x86_64, r-patched-linux-x86_64, r-release-linux-x86_64, r-release-macos-arm64, r-release-macos-x86_64, r-release-windows-x86_64
Version: 5.5.2
Check: package dependencies
Result: NOTE
Package suggested but not available for checking: ‘rJava’
Flavor: r-release-macos-x86_64