Last updated on 2024-03-28 00:00:02 CET.
Flavor | Version | Tinstall | Tcheck | Ttotal | Status | Flags |
---|---|---|---|---|---|---|
r-devel-linux-x86_64-debian-clang | 0.1.0 | 3.19 | 38.49 | 41.68 | NOTE | |
r-devel-linux-x86_64-debian-gcc | 0.1.0 | 2.85 | 29.77 | 32.62 | NOTE | |
r-devel-linux-x86_64-fedora-clang | 0.1.0 | 51.80 | NOTE | |||
r-devel-linux-x86_64-fedora-gcc | 0.1.0 | 50.90 | NOTE | |||
r-devel-windows-x86_64 | 0.1.0 | 6.00 | 50.00 | 56.00 | NOTE | |
r-patched-linux-x86_64 | 0.1.0 | 3.56 | 37.59 | 41.15 | NOTE | |
r-release-linux-x86_64 | 0.1.0 | 3.40 | 36.77 | 40.17 | NOTE | |
r-release-macos-arm64 | 0.1.0 | 21.00 | NOTE | |||
r-release-macos-x86_64 | 0.1.0 | 25.00 | NOTE | |||
r-release-windows-x86_64 | 0.1.0 | 6.00 | 53.00 | 59.00 | NOTE | |
r-oldrel-macos-arm64 | 0.1.0 | 17.00 | NOTE | |||
r-oldrel-windows-x86_64 | 0.1.0 | 6.00 | 59.00 | 65.00 | NOTE |
Version: 0.1.0
Check: LazyData
Result: NOTE
'LazyData' is specified without a 'data' directory
Flavors: r-devel-linux-x86_64-debian-clang, r-devel-linux-x86_64-debian-gcc, r-devel-linux-x86_64-fedora-clang, r-devel-linux-x86_64-fedora-gcc, r-devel-windows-x86_64, r-patched-linux-x86_64, r-release-linux-x86_64, r-release-macos-arm64, r-release-macos-x86_64, r-release-windows-x86_64, r-oldrel-macos-arm64, r-oldrel-windows-x86_64
Version: 0.1.0
Check: dependencies in R code
Result: NOTE
Namespaces in Imports field not imported from:
‘dplyr’ ‘ggplot2’ ‘lubridate’
All declared Imports should be used.
Flavors: r-devel-linux-x86_64-fedora-clang, r-devel-linux-x86_64-fedora-gcc, r-oldrel-macos-arm64