CRAN Package Check Results for Package ensembleTax

Last updated on 2024-03-03 01:00:42 CET.

Flavor Version Tinstall Tcheck Ttotal Status Flags
r-devel-linux-x86_64-debian-clang 1.1.1 5.84 61.95 67.79 OK
r-devel-linux-x86_64-debian-gcc 1.1.1 4.44 47.57 52.01 OK
r-devel-linux-x86_64-fedora-clang 1.1.1 84.68 NOTE
r-devel-linux-x86_64-fedora-gcc 1.1.1 95.96 NOTE
r-devel-windows-x86_64 1.1.1 8.00 69.00 77.00 OK
r-patched-linux-x86_64 1.1.1 4.88 61.01 65.89 OK
r-release-linux-x86_64 1.1.1 5.54 60.83 66.37 OK
r-release-macos-arm64 1.1.1 41.00 OK
r-release-macos-x86_64 1.1.1 52.00 OK
r-release-windows-x86_64 1.1.1 10.00 80.00 90.00 OK
r-oldrel-macos-arm64 1.1.1 35.00 NOTE
r-oldrel-windows-x86_64 1.1.1 10.00 81.00 91.00 OK

Check Details

Version: 1.1.1
Check: dependencies in R code
Result: NOTE Namespaces in Imports field not imported from: ‘Biostrings’ ‘DECIPHER’ ‘ggplot2’ ‘reshape2’ ‘usethis’ All declared Imports should be used. Flavors: r-devel-linux-x86_64-fedora-clang, r-devel-linux-x86_64-fedora-gcc, r-oldrel-macos-arm64