Last updated on 2023-12-08 00:52:04 CET.
Flavor | Version | Tinstall | Tcheck | Ttotal | Status | Flags |
---|---|---|---|---|---|---|
r-devel-linux-x86_64-debian-clang | 1.3.0 | 121.76 | 863.58 | 985.34 | OK | |
r-devel-linux-x86_64-debian-gcc | 1.3.0 | 77.34 | 551.45 | 628.79 | OK | |
r-devel-linux-x86_64-fedora-clang | 1.3.0 | 1198.14 | NOTE | |||
r-devel-linux-x86_64-fedora-gcc | 1.3.0 | 1255.65 | NOTE | |||
r-devel-windows-x86_64 | 1.3.0 | 85.00 | 620.00 | 705.00 | OK | |
r-patched-linux-x86_64 | 1.3.0 | 94.89 | 751.50 | 846.39 | OK | |
r-release-linux-x86_64 | 1.3.0 | 96.25 | 761.61 | 857.86 | OK | |
r-release-macos-arm64 | 1.3.0 | 285.00 | OK | |||
r-release-macos-x86_64 | 1.3.0 | 455.00 | OK | |||
r-release-windows-x86_64 | 1.3.0 | 106.00 | 822.00 | 928.00 | OK | |
r-oldrel-macos-arm64 | 1.3.0 | 234.00 | OK | |||
r-oldrel-macos-x86_64 | 1.3.0 | 312.00 | OK | |||
r-oldrel-windows-x86_64 | 1.3.0 | 100.00 | 721.00 | 821.00 | OK |
Version: 1.3.0
Check: dependencies in R code
Result: NOTE
Namespace in Imports field not imported from: ‘BH’
All declared Imports should be used.
Flavors: r-devel-linux-x86_64-fedora-clang, r-devel-linux-x86_64-fedora-gcc